{"id":299,"date":"2020-05-31T21:12:12","date_gmt":"2020-05-31T21:12:12","guid":{"rendered":"http:\/\/hpwank.de\/?page_id=299"},"modified":"2020-06-02T20:09:53","modified_gmt":"2020-06-02T20:09:53","slug":"ferramentum","status":"publish","type":"page","link":"https:\/\/hpwank.de\/?page_id=299","title":{"rendered":"FERRAMENTUM"},"content":{"rendered":"\n<p><strong>Ferramentum<\/strong> &#8211; ist der Titel einer Ausstellungskonzeption, deren Inhalt die Darstellung und Betrachtung der \u00e4sthetischen Erscheinungsbilder vielfach gebrauchter und abgenutzter, mechanischer, metallener Werkzeuge und Instrumente ist. Die Bildlichkeit der dar-gestellten Objekte wird vornehmlich von ihren durch multiplexen Gebrauch entstandenen Strukturen und Oberfl\u00e4chentexturen bestimmt. Kratzer und Ritzungen, Korrosionen und Rostfra\u00df, Schleifspuren und stumpf gescheuerte Polituren in gegossenem, geh\u00e4mmertem, gewalztem Metall, aufgerissene und splitternde Lackschichten, zerfaserte Litzen<br>und verbogene Dr\u00e4hte, B\u00e4nder und Stifte. Durch die Anordnung der Bildelemente unter- und zueinander wird deutlich, welche Kr\u00e4fte und Bewegungen zum Gebrauch der \u201eWerkzeuge\u201c notwendig sind oder waren.<\/p>\n\n\n\n<figure class=\"wp-block-image size-large\"><img loading=\"lazy\" width=\"1024\" height=\"717\" src=\"http:\/\/hpwank.de\/wp-content\/uploads\/2020\/06\/blaue-zangen-Kopie-1024x717.jpg\" alt=\"\" class=\"wp-image-323\" srcset=\"https:\/\/hpwank.de\/wp-content\/uploads\/2020\/06\/blaue-zangen-Kopie-1024x717.jpg 1024w, https:\/\/hpwank.de\/wp-content\/uploads\/2020\/06\/blaue-zangen-Kopie-300x210.jpg 300w, https:\/\/hpwank.de\/wp-content\/uploads\/2020\/06\/blaue-zangen-Kopie-768x538.jpg 768w, https:\/\/hpwank.de\/wp-content\/uploads\/2020\/06\/blaue-zangen-Kopie.jpg 1488w\" sizes=\"(max-width: 767px) 89vw, (max-width: 1000px) 54vw, (max-width: 1071px) 543px, 580px\" \/><figcaption><strong>Blaue Zangen<\/strong>     Acryl, Sand, Asphaltlack auf Karton     75 x 105 cm<\/figcaption><\/figure>\n\n\n\n<figure class=\"wp-block-image size-large is-resized\"><img loading=\"lazy\" src=\"http:\/\/hpwank.de\/wp-content\/uploads\/2020\/05\/collect-1024x726.jpg\" alt=\"\" class=\"wp-image-307\" width=\"674\" height=\"477\" srcset=\"https:\/\/hpwank.de\/wp-content\/uploads\/2020\/05\/collect-1024x726.jpg 1024w, https:\/\/hpwank.de\/wp-content\/uploads\/2020\/05\/collect-300x213.jpg 300w, https:\/\/hpwank.de\/wp-content\/uploads\/2020\/05\/collect-768x545.jpg 768w, https:\/\/hpwank.de\/wp-content\/uploads\/2020\/05\/collect-1536x1090.jpg 1536w, https:\/\/hpwank.de\/wp-content\/uploads\/2020\/05\/collect-2048x1453.jpg 2048w\" sizes=\"(max-width: 674px) 100vw, 674px\" \/><figcaption><strong>Collect<\/strong><em>     Acryl, Sand, Asphaltlack auf Karton     75 x 105 cm<\/em><\/figcaption><\/figure>\n\n\n\n<p>Die Thematik wird vom K\u00fcnstler vornehmlich in mehrschichtiger Acryl-Mischtechnik auf Leinwand, Karton oder Holz gearbeitet. Bei den Aquarellskizzen, als vorbereitenden Arbeiten, ist es in erster Linie die Reduktion des Formates, die es dem K\u00fcnstler m\u00f6glich macht, die Komposition eines Bildes klar zu \u00fcberschauen, also Linienf\u00fchrung, Fl\u00e4chen-aufteilung und Farbkontraste optimal zu kontrollieren. R\u00e4umliches Pendant zur Malerei sind die Stelen, die parallel hierzu nach gezeichneten Entw\u00fcrfen mit Grafit- und Farbstift auf pr\u00e4pariertem Papier bzw. Karton entstehen, und die naturgem\u00e4\u00df und im wahrsten Wortsinne viel Spielraum zur Spontaneit\u00e4t und Intention lassen. Sie sind als Betonobjekte geplant, mit einer Grundfl\u00e4che von cirka 25 x 25 cm und einer H\u00f6he von 100 bis 160 cm. Kleinere Abformungen dieser Stelen sind als Skulpturen aus Keramik, Zementgu\u00df oder Alabastergips f\u00fcr den Innenbereich gedacht. Auch bei diesen Objekten ist die jeweilige Textur der Oberfl\u00e4che wesentliches Gestaltungsmerkmal. Es bleibt ganz dem Betrachter und seiner Seh- und Sichtweise \u00fcberlassen, ob die \u201eWerkzeugteile\u201c aus der s\u00e4ulenartigen Grundform heraus brechen, gleichsam \u201egeboren\u201c werden oder ob sie in einem formal klar definierten Objekt wie in einem besch\u00e4digten Artefakt versenkt sind.<\/p>\n\n\n\n<p class=\"has-text-align-left\">Das Konzept <strong>Ferramentum<\/strong> &#8211; Eisernes Werkzeug ist aus dem fr\u00fcheren Thema des K\u00fcnstlers hervorgegangen<\/p>\n\n\n\n<h4>Der Mensch als Sammler am Beispiel des Gro\u00dfvaters<\/h4>\n\n\n\n<figure class=\"wp-block-gallery columns-2 is-cropped\"><ul class=\"blocks-gallery-grid\"><li class=\"blocks-gallery-item\"><figure><img loading=\"lazy\" width=\"567\" height=\"794\" src=\"http:\/\/hpwank.de\/wp-content\/uploads\/2020\/06\/1Der-72.jpg\" alt=\"\" data-id=\"333\" data-link=\"http:\/\/hpwank.de\/?attachment_id=333\" class=\"wp-image-333\" srcset=\"https:\/\/hpwank.de\/wp-content\/uploads\/2020\/06\/1Der-72.jpg 567w, https:\/\/hpwank.de\/wp-content\/uploads\/2020\/06\/1Der-72-214x300.jpg 214w\" sizes=\"(max-width: 567px) 100vw, 567px\" \/><\/figure><\/li><li class=\"blocks-gallery-item\"><figure><img loading=\"lazy\" width=\"567\" height=\"795\" src=\"http:\/\/hpwank.de\/wp-content\/uploads\/2020\/06\/2Mensch-72.jpg\" alt=\"\" data-id=\"334\" data-full-url=\"http:\/\/hpwank.de\/wp-content\/uploads\/2020\/06\/2Mensch-72.jpg\" data-link=\"http:\/\/hpwank.de\/?attachment_id=334\" class=\"wp-image-334\" srcset=\"https:\/\/hpwank.de\/wp-content\/uploads\/2020\/06\/2Mensch-72.jpg 567w, https:\/\/hpwank.de\/wp-content\/uploads\/2020\/06\/2Mensch-72-214x300.jpg 214w\" sizes=\"(max-width: 567px) 100vw, 567px\" \/><\/figure><\/li><\/ul><\/figure>\n\n\n\n<figure class=\"wp-block-gallery columns-2 is-cropped\"><ul class=\"blocks-gallery-grid\"><li class=\"blocks-gallery-item\"><figure><img loading=\"lazy\" width=\"567\" height=\"794\" src=\"http:\/\/hpwank.de\/wp-content\/uploads\/2020\/06\/3Als-72.jpg\" alt=\"\" data-id=\"335\" data-full-url=\"http:\/\/hpwank.de\/wp-content\/uploads\/2020\/06\/3Als-72.jpg\" data-link=\"http:\/\/hpwank.de\/?attachment_id=335\" class=\"wp-image-335\" srcset=\"https:\/\/hpwank.de\/wp-content\/uploads\/2020\/06\/3Als-72.jpg 567w, https:\/\/hpwank.de\/wp-content\/uploads\/2020\/06\/3Als-72-214x300.jpg 214w\" sizes=\"(max-width: 567px) 100vw, 567px\" \/><\/figure><\/li><li class=\"blocks-gallery-item\"><figure><img loading=\"lazy\" width=\"567\" height=\"794\" src=\"http:\/\/hpwank.de\/wp-content\/uploads\/2020\/06\/4Sammler72.jpg\" alt=\"\" data-id=\"336\" data-full-url=\"http:\/\/hpwank.de\/wp-content\/uploads\/2020\/06\/4Sammler72.jpg\" data-link=\"http:\/\/hpwank.de\/?attachment_id=336\" class=\"wp-image-336\" srcset=\"https:\/\/hpwank.de\/wp-content\/uploads\/2020\/06\/4Sammler72.jpg 567w, https:\/\/hpwank.de\/wp-content\/uploads\/2020\/06\/4Sammler72-214x300.jpg 214w\" sizes=\"(max-width: 567px) 100vw, 567px\" \/><\/figure><\/li><\/ul><\/figure>\n\n\n\n<figure class=\"wp-block-gallery columns-2 is-cropped\"><ul class=\"blocks-gallery-grid\"><li class=\"blocks-gallery-item\"><figure><img loading=\"lazy\" width=\"567\" height=\"794\" src=\"http:\/\/hpwank.de\/wp-content\/uploads\/2020\/06\/5am-72.jpg\" alt=\"\" data-id=\"337\" data-link=\"http:\/\/hpwank.de\/?attachment_id=337\" class=\"wp-image-337\" srcset=\"https:\/\/hpwank.de\/wp-content\/uploads\/2020\/06\/5am-72.jpg 567w, https:\/\/hpwank.de\/wp-content\/uploads\/2020\/06\/5am-72-214x300.jpg 214w\" sizes=\"(max-width: 567px) 100vw, 567px\" \/><\/figure><\/li><li class=\"blocks-gallery-item\"><figure><img loading=\"lazy\" width=\"567\" height=\"794\" src=\"http:\/\/hpwank.de\/wp-content\/uploads\/2020\/06\/6bei-72.jpg\" alt=\"\" data-id=\"338\" data-link=\"http:\/\/hpwank.de\/?attachment_id=338\" class=\"wp-image-338\" srcset=\"https:\/\/hpwank.de\/wp-content\/uploads\/2020\/06\/6bei-72.jpg 567w, https:\/\/hpwank.de\/wp-content\/uploads\/2020\/06\/6bei-72-214x300.jpg 214w\" sizes=\"(max-width: 567px) 100vw, 567px\" \/><\/figure><\/li><\/ul><\/figure>\n\n\n\n<figure class=\"wp-block-gallery columns-2 is-cropped\"><ul class=\"blocks-gallery-grid\"><li class=\"blocks-gallery-item\"><figure><img loading=\"lazy\" width=\"567\" height=\"794\" src=\"http:\/\/hpwank.de\/wp-content\/uploads\/2020\/06\/7spiel-72-1.jpg\" alt=\"\" data-id=\"341\" data-full-url=\"http:\/\/hpwank.de\/wp-content\/uploads\/2020\/06\/7spiel-72-1.jpg\" data-link=\"http:\/\/hpwank.de\/?attachment_id=341\" class=\"wp-image-341\" srcset=\"https:\/\/hpwank.de\/wp-content\/uploads\/2020\/06\/7spiel-72-1.jpg 567w, https:\/\/hpwank.de\/wp-content\/uploads\/2020\/06\/7spiel-72-1-214x300.jpg 214w\" sizes=\"(max-width: 567px) 100vw, 567px\" \/><\/figure><\/li><li class=\"blocks-gallery-item\"><figure><img loading=\"lazy\" width=\"567\" height=\"794\" src=\"http:\/\/hpwank.de\/wp-content\/uploads\/2020\/06\/8des-72-1.jpg\" alt=\"\" data-id=\"342\" data-full-url=\"http:\/\/hpwank.de\/wp-content\/uploads\/2020\/06\/8des-72-1.jpg\" data-link=\"http:\/\/hpwank.de\/?attachment_id=342\" class=\"wp-image-342\" srcset=\"https:\/\/hpwank.de\/wp-content\/uploads\/2020\/06\/8des-72-1.jpg 567w, https:\/\/hpwank.de\/wp-content\/uploads\/2020\/06\/8des-72-1-214x300.jpg 214w\" sizes=\"(max-width: 567px) 100vw, 567px\" \/><\/figure><\/li><\/ul><\/figure>\n\n\n\n<figure class=\"wp-block-gallery columns-2 is-cropped\"><ul class=\"blocks-gallery-grid\"><li class=\"blocks-gallery-item\"><figure><img loading=\"lazy\" width=\"567\" height=\"794\" src=\"http:\/\/hpwank.de\/wp-content\/uploads\/2020\/06\/9gro\u00df-72.jpg\" alt=\"\" data-id=\"343\" data-full-url=\"http:\/\/hpwank.de\/wp-content\/uploads\/2020\/06\/9gro\u00df-72.jpg\" data-link=\"http:\/\/hpwank.de\/?attachment_id=343\" class=\"wp-image-343\" srcset=\"https:\/\/hpwank.de\/wp-content\/uploads\/2020\/06\/9gro\u00df-72.jpg 567w, https:\/\/hpwank.de\/wp-content\/uploads\/2020\/06\/9gro\u00df-72-214x300.jpg 214w\" sizes=\"(max-width: 567px) 100vw, 567px\" \/><\/figure><\/li><li class=\"blocks-gallery-item\"><figure><img loading=\"lazy\" width=\"567\" height=\"794\" src=\"http:\/\/hpwank.de\/wp-content\/uploads\/2020\/06\/10vaters-72.jpg\" alt=\"\" data-id=\"344\" data-full-url=\"http:\/\/hpwank.de\/wp-content\/uploads\/2020\/06\/10vaters-72.jpg\" data-link=\"http:\/\/hpwank.de\/?attachment_id=344\" class=\"wp-image-344\" srcset=\"https:\/\/hpwank.de\/wp-content\/uploads\/2020\/06\/10vaters-72.jpg 567w, https:\/\/hpwank.de\/wp-content\/uploads\/2020\/06\/10vaters-72-214x300.jpg 214w\" sizes=\"(max-width: 567px) 100vw, 567px\" \/><\/figure><\/li><\/ul><figcaption class=\"blocks-gallery-caption\">Seria &#8211; Der Mensch&#8230; Asphaltlack, Grafit, Farbstift, Bistertusche auf Makulaturpapier &#8211; 30 x 40 cm<\/figcaption><\/figure>\n\n\n\n<p>Kein N\u00e4gelchen war zu rostig, kein Stiftchen zu krumm, als da\u00df es der Gro\u00dfvater nicht aufgehoben, in die Tasche seiner schwarzen Arbeitsjacke gesteckt und zuhause in seinem Schuppen zur Verwahrung in eine alte Kaffeeb\u00fcchse geworfen h\u00e4tte, bis er an einem verregneten Tag dazu kam, sich diesem B\u00fcchseninhalt zu widmen. Mehrfach verbogene N\u00e4gel wurden dann auf einem kleinen Ambo\u00df mit leichtem Hammer gerade getrimmt und nach unterschiedlichen Gr\u00f6\u00dfen in bedruckte Kaffee-und Konservendosen, angeschlagene Einmachgl\u00e4ser, abgesplitterte Vasen, verbeulte Granatkartuschen, henkellose Blechtassen und rissige Senft\u00f6pfe sortiert. F\u00fcr Kopfnieten, Gr\u00f6\u00dfen gemischt, gab es eine flache, braune Dose, auf deren Schraubdeckel in ockerfarbener Jugendstilschrift das Wort SADDLESOAP und darunter ein roter Pferdekopf gedruckt waren. Wurstdosen vom Hausschlachten, die durch oftmaligen Gebrauch und zwangsl\u00e4ufiges Immer-Wieder-Abschneiden zu klein geworden waren, oder solche, deren L\u00f6tnaht L\u00f6chrigkeit aufwies, dienten der Aufbewahrung von Rundkopf- und Flachkopfschrauben. Betagte Schlossschrauben und -muttern wurden, jeweils eine Hand voll, nachdem sie geraume Zeit in rostfressenden und fettigen Fl\u00fcssigkeiten gelegen hatten, in orange Ins rotbraunes \u00d6lpapier eingewickelt und in handhoher Zigarrendose geschichtet. <\/p>\n\n\n\n<p>Dichtungsringe, Unterlegscheiben, Spreng- und Gardinenringe, Schlauchmanschetten, Isolierscheiben, eben alles, was rund war und ein Loch inder Mitte hatte, hing auf nicht zu d\u00fcnnem Draht zu B\u00fcndeln gefasst und wie selbstverst\u00e4ndlich nach Gr\u00f6\u00dfen eingeteilt an zwei senkrechten St\u00fctzbalken neben der T\u00fcr. Auf&#8216; einem Brett \u00fcber der dicken Werktischplatte standen in Kopfh\u00f6he Schuhkartons und Sperrholzkistchen. Hierin hob der Sammler und Gro\u00dfvater alte M\u00f6belschl\u00f6sser, Gl\u00fchbirnenfassungen, Stuhl- und Rahmenwinkel, Scharniere aller Gr\u00f6\u00dfen, T\u00fcrriegel f\u00fcr innen und au\u00dfen, Fenstergriffe und sonstige Beschl\u00e4ge auf. <\/p>\n\n\n\n<p>Der Schuppen des Gro\u00dfvaters, Wand an Wand mit dem Schweinestall, barg fr\u00fcher all jene Dinge, die von einer seit der Menschwerdung in uns wohnenden Leidenschaft Zeugnis redeten: das n\u00e4mliche Sammeln. Mit Kunst nichts am Hut und durch die beinharten Lebensbedingungen der Tausend Jahre im deutschen Reich und der paar J\u00e4hrchen danach eher zu n\u00fcchterner denn phantasierender Betrachtungsweise neigend, lie\u00df der Gro\u00dfvater, mehr ohne Absicht, ungewollt hier in seinem Werkzeugschuppen eine \u00c4sthetik entwickeln, die f\u00fcr mich damals so faszinierend war wie sonst nur noch Zeppeline am l\u00e4ndlichen Sommerhimmel oder Weihnachtsm\u00e4rchen im Theater.<\/p>\n\n\n\n<p>In henkellosen Tassen, B\u00fcchsen, Kistchen und Schachteln sammelte und sortierte er rostige, gerade und krumme N\u00e4gel und Schrauben, Gummiringe und Patronenh\u00fclsen, Kerzenstummel und Radiokn\u00f6pfe, Unterlegscheiben, Dichtungsringe, halbe Schn\u00fcrsenkel und Keramikl\u00fcsterklemmen, T\u00fcr- und Schrankschl\u00fcssel, abgebrochene Hammerstiele und Schraubenziehergriffe, gew\u00f6hnliche und au\u00dfergew\u00f6hnliche Hosen- und Hemdkn\u00f6pfe und Dinge und S\u00e4chelchen, die mir fremd waren und die ich so gar nicht kannte. Aber die Bedeutung der Sachen, ihr heiliger Zweck waren f\u00fcr mich sowieso nebens\u00e4chlich. Ich war ganz und gar eingenommen von der Vielzahl und Vielfalt der Beh\u00e4ltnisse, den ehemals bunten, jetzt vergilbten, angerissenen, zerkratzten Etiketten, den aufgedruckten exotischen Landschaften und Figuren auf Kaffeedosen . In einer dieser Dosen standen die f\u00fcr uns Kinder so n\u00fctzlichen Messer; abgebrochene, rostige, ohne Griffe. Hieraus wurden wir im Sp\u00e4therbst zum R\u00fcbenschnitzen bedient. Aus der Sicht des Buben auf die illustre Sammlung, von unten nach oben in die alten Regale schauend, lie\u00df ich sp\u00e4ter die Stillleben des Themas <strong><em>Im Ger\u00e4ms<\/em><\/strong> anschauen.<\/p>\n\n\n\n<h4>Ferramentum<\/h4>\n\n\n\n<figure class=\"wp-block-gallery columns-2 is-cropped\"><ul class=\"blocks-gallery-grid\"><li class=\"blocks-gallery-item\"><figure><img loading=\"lazy\" width=\"709\" height=\"1024\" src=\"http:\/\/hpwank.de\/wp-content\/uploads\/2020\/06\/altes-eisen-709x1024.jpg\" alt=\"\" data-id=\"348\" data-link=\"http:\/\/hpwank.de\/?attachment_id=348\" class=\"wp-image-348\" srcset=\"https:\/\/hpwank.de\/wp-content\/uploads\/2020\/06\/altes-eisen-709x1024.jpg 709w, https:\/\/hpwank.de\/wp-content\/uploads\/2020\/06\/altes-eisen-208x300.jpg 208w, https:\/\/hpwank.de\/wp-content\/uploads\/2020\/06\/altes-eisen-768x1109.jpg 768w, https:\/\/hpwank.de\/wp-content\/uploads\/2020\/06\/altes-eisen-1064x1536.jpg 1064w, https:\/\/hpwank.de\/wp-content\/uploads\/2020\/06\/altes-eisen.jpg 1227w\" sizes=\"(max-width: 709px) 100vw, 709px\" \/><\/figure><\/li><li class=\"blocks-gallery-item\"><figure><img loading=\"lazy\" width=\"713\" height=\"1024\" src=\"http:\/\/hpwank.de\/wp-content\/uploads\/2020\/06\/Rote-Rautenschere-713x1024.jpg\" alt=\"\" data-id=\"349\" data-full-url=\"http:\/\/hpwank.de\/wp-content\/uploads\/2020\/06\/Rote-Rautenschere.jpg\" data-link=\"http:\/\/hpwank.de\/?attachment_id=349\" class=\"wp-image-349\" srcset=\"https:\/\/hpwank.de\/wp-content\/uploads\/2020\/06\/Rote-Rautenschere-713x1024.jpg 713w, https:\/\/hpwank.de\/wp-content\/uploads\/2020\/06\/Rote-Rautenschere-209x300.jpg 209w, https:\/\/hpwank.de\/wp-content\/uploads\/2020\/06\/Rote-Rautenschere-768x1102.jpg 768w, https:\/\/hpwank.de\/wp-content\/uploads\/2020\/06\/Rote-Rautenschere-1070x1536.jpg 1070w, https:\/\/hpwank.de\/wp-content\/uploads\/2020\/06\/Rote-Rautenschere.jpg 1185w\" sizes=\"(max-width: 713px) 100vw, 713px\" \/><\/figure><\/li><\/ul><figcaption class=\"blocks-gallery-caption\"><em><b>Altes Eisen <\/b>&#8211; Acryl, Sand auf Karton -100&#215;70 cm           <strong> Rote Rautenschere<\/strong><\/em> <em>&#8211; Acryl auf Karton &#8211; 100&#215;70 cm<\/em><\/figcaption><\/figure>\n\n\n\n<figure class=\"wp-block-gallery columns-2 is-cropped\"><ul class=\"blocks-gallery-grid\"><li class=\"blocks-gallery-item\"><figure><img loading=\"lazy\" width=\"733\" height=\"1024\" src=\"http:\/\/hpwank.de\/wp-content\/uploads\/2020\/06\/fast-neu-733x1024.jpg\" alt=\"\" data-id=\"350\" data-link=\"http:\/\/hpwank.de\/?attachment_id=350\" class=\"wp-image-350\" srcset=\"https:\/\/hpwank.de\/wp-content\/uploads\/2020\/06\/fast-neu-733x1024.jpg 733w, https:\/\/hpwank.de\/wp-content\/uploads\/2020\/06\/fast-neu-215x300.jpg 215w, https:\/\/hpwank.de\/wp-content\/uploads\/2020\/06\/fast-neu-768x1073.jpg 768w, https:\/\/hpwank.de\/wp-content\/uploads\/2020\/06\/fast-neu.jpg 826w\" sizes=\"(max-width: 733px) 100vw, 733px\" \/><\/figure><\/li><li class=\"blocks-gallery-item\"><figure><img loading=\"lazy\" width=\"709\" height=\"1024\" src=\"http:\/\/hpwank.de\/wp-content\/uploads\/2020\/06\/durch-die-blaue-zange-709x1024.jpg\" alt=\"\" data-id=\"351\" data-full-url=\"http:\/\/hpwank.de\/wp-content\/uploads\/2020\/06\/durch-die-blaue-zange.jpg\" data-link=\"http:\/\/hpwank.de\/?attachment_id=351\" class=\"wp-image-351\" srcset=\"https:\/\/hpwank.de\/wp-content\/uploads\/2020\/06\/durch-die-blaue-zange-709x1024.jpg 709w, https:\/\/hpwank.de\/wp-content\/uploads\/2020\/06\/durch-die-blaue-zange-208x300.jpg 208w, https:\/\/hpwank.de\/wp-content\/uploads\/2020\/06\/durch-die-blaue-zange-768x1110.jpg 768w, https:\/\/hpwank.de\/wp-content\/uploads\/2020\/06\/durch-die-blaue-zange-1063x1536.jpg 1063w, https:\/\/hpwank.de\/wp-content\/uploads\/2020\/06\/durch-die-blaue-zange-1418x2048.jpg 1418w, https:\/\/hpwank.de\/wp-content\/uploads\/2020\/06\/durch-die-blaue-zange.jpg 1592w\" sizes=\"(max-width: 709px) 100vw, 709px\" \/><\/figure><\/li><\/ul><figcaption class=\"blocks-gallery-caption\"><strong><em>Fast neu<\/em><\/strong><em> &#8211; Acryl, Asphalt auf Karton &#8211; 100&#215;70 cm     <strong>Durch die blaue Zange<\/strong> &#8211; Acryl, Asphalt auf Karton &#8211; 100&#215;70 <\/em><\/figcaption><\/figure>\n\n\n\n<figure class=\"wp-block-image size-large\"><img loading=\"lazy\" width=\"1024\" height=\"720\" src=\"http:\/\/hpwank.de\/wp-content\/uploads\/2020\/06\/zwingende-elemente-1024x720.jpg\" alt=\"\" class=\"wp-image-352\" srcset=\"https:\/\/hpwank.de\/wp-content\/uploads\/2020\/06\/zwingende-elemente-1024x720.jpg 1024w, https:\/\/hpwank.de\/wp-content\/uploads\/2020\/06\/zwingende-elemente-300x211.jpg 300w, https:\/\/hpwank.de\/wp-content\/uploads\/2020\/06\/zwingende-elemente-768x540.jpg 768w, https:\/\/hpwank.de\/wp-content\/uploads\/2020\/06\/zwingende-elemente.jpg 1444w\" sizes=\"(max-width: 767px) 89vw, (max-width: 1000px) 54vw, (max-width: 1071px) 543px, 580px\" \/><figcaption><strong><em>Zwingende Elemente <\/em><\/strong><em>&#8211; Acryl auf Karton &#8211; 75&#215;105 cm<\/em><\/figcaption><\/figure>\n\n\n\n<figure class=\"wp-block-gallery columns-2 is-cropped\"><ul class=\"blocks-gallery-grid\"><li class=\"blocks-gallery-item\"><figure><img loading=\"lazy\" width=\"695\" height=\"1024\" src=\"http:\/\/hpwank.de\/wp-content\/uploads\/2020\/06\/Twin-Pieks-695x1024.jpg\" alt=\"\" data-id=\"354\" data-link=\"http:\/\/hpwank.de\/?attachment_id=354\" class=\"wp-image-354\" srcset=\"https:\/\/hpwank.de\/wp-content\/uploads\/2020\/06\/Twin-Pieks-695x1024.jpg 695w, https:\/\/hpwank.de\/wp-content\/uploads\/2020\/06\/Twin-Pieks-204x300.jpg 204w, https:\/\/hpwank.de\/wp-content\/uploads\/2020\/06\/Twin-Pieks-768x1132.jpg 768w, https:\/\/hpwank.de\/wp-content\/uploads\/2020\/06\/Twin-Pieks-1042x1536.jpg 1042w, https:\/\/hpwank.de\/wp-content\/uploads\/2020\/06\/Twin-Pieks.jpg 1211w\" sizes=\"(max-width: 695px) 100vw, 695px\" \/><\/figure><\/li><li class=\"blocks-gallery-item\"><figure><img loading=\"lazy\" width=\"622\" height=\"1024\" src=\"http:\/\/hpwank.de\/wp-content\/uploads\/2020\/06\/Verschraubt-622x1024.jpg\" alt=\"\" data-id=\"355\" data-full-url=\"http:\/\/hpwank.de\/wp-content\/uploads\/2020\/06\/Verschraubt.jpg\" data-link=\"http:\/\/hpwank.de\/?attachment_id=355\" class=\"wp-image-355\" srcset=\"https:\/\/hpwank.de\/wp-content\/uploads\/2020\/06\/Verschraubt-622x1024.jpg 622w, https:\/\/hpwank.de\/wp-content\/uploads\/2020\/06\/Verschraubt-182x300.jpg 182w, https:\/\/hpwank.de\/wp-content\/uploads\/2020\/06\/Verschraubt-768x1263.jpg 768w, https:\/\/hpwank.de\/wp-content\/uploads\/2020\/06\/Verschraubt-934x1536.jpg 934w, https:\/\/hpwank.de\/wp-content\/uploads\/2020\/06\/Verschraubt-1245x2048.jpg 1245w, https:\/\/hpwank.de\/wp-content\/uploads\/2020\/06\/Verschraubt.jpg 1293w\" sizes=\"(max-width: 622px) 100vw, 622px\" \/><\/figure><\/li><\/ul><figcaption class=\"blocks-gallery-caption\"><strong>Twin Pieks<\/strong>-Acryl auf Karton &#8211;  100&#215;70 cm                       <strong>Verschraubt<\/strong> &#8211; Acryl auf Leinwand &#8211; 100&#215;60 cm<\/figcaption><\/figure>\n\n\n\n<figure class=\"wp-block-image size-large is-style-default\"><img loading=\"lazy\" width=\"1024\" height=\"623\" src=\"http:\/\/hpwank.de\/wp-content\/uploads\/2020\/06\/hochdruck-1024x623.jpg\" alt=\"\" class=\"wp-image-356\" srcset=\"https:\/\/hpwank.de\/wp-content\/uploads\/2020\/06\/hochdruck-1024x623.jpg 1024w, https:\/\/hpwank.de\/wp-content\/uploads\/2020\/06\/hochdruck-300x183.jpg 300w, https:\/\/hpwank.de\/wp-content\/uploads\/2020\/06\/hochdruck-768x467.jpg 768w, https:\/\/hpwank.de\/wp-content\/uploads\/2020\/06\/hochdruck-1536x935.jpg 1536w, https:\/\/hpwank.de\/wp-content\/uploads\/2020\/06\/hochdruck.jpg 1755w\" sizes=\"(max-width: 767px) 89vw, (max-width: 1000px) 54vw, (max-width: 1071px) 543px, 580px\" \/><figcaption><strong>Hochdruck <em>&#8211; <\/em><\/strong><em>Acryl, Asphalt auf Leinwand<\/em> &#8211; 80&#215;130 cm<\/figcaption><\/figure>\n\n\n\n<figure class=\"wp-block-image size-large\"><img loading=\"lazy\" width=\"1024\" height=\"652\" src=\"http:\/\/hpwank.de\/wp-content\/uploads\/2020\/06\/schneidig--1024x652.jpg\" alt=\"\" class=\"wp-image-357\" srcset=\"https:\/\/hpwank.de\/wp-content\/uploads\/2020\/06\/schneidig--1024x652.jpg 1024w, https:\/\/hpwank.de\/wp-content\/uploads\/2020\/06\/schneidig--300x191.jpg 300w, https:\/\/hpwank.de\/wp-content\/uploads\/2020\/06\/schneidig--768x489.jpg 768w, https:\/\/hpwank.de\/wp-content\/uploads\/2020\/06\/schneidig-.jpg 1503w\" sizes=\"(max-width: 767px) 89vw, (max-width: 1000px) 54vw, (max-width: 1071px) 543px, 580px\" \/><figcaption><strong>Schneidig <\/strong>&#8211; Acryl auf Leinwand &#8211; 80&#215;130 cm<\/figcaption><\/figure>\n\n\n\n<figure class=\"wp-block-gallery columns-2 is-cropped\"><ul class=\"blocks-gallery-grid\"><li class=\"blocks-gallery-item\"><figure><img loading=\"lazy\" width=\"636\" height=\"1024\" src=\"http:\/\/hpwank.de\/wp-content\/uploads\/2020\/06\/gelenkmodul-636x1024.jpg\" alt=\"\" data-id=\"358\" data-link=\"http:\/\/hpwank.de\/?attachment_id=358\" class=\"wp-image-358\" srcset=\"https:\/\/hpwank.de\/wp-content\/uploads\/2020\/06\/gelenkmodul-636x1024.jpg 636w, https:\/\/hpwank.de\/wp-content\/uploads\/2020\/06\/gelenkmodul-186x300.jpg 186w, https:\/\/hpwank.de\/wp-content\/uploads\/2020\/06\/gelenkmodul-768x1237.jpg 768w, https:\/\/hpwank.de\/wp-content\/uploads\/2020\/06\/gelenkmodul-954x1536.jpg 954w, https:\/\/hpwank.de\/wp-content\/uploads\/2020\/06\/gelenkmodul-1272x2048.jpg 1272w, https:\/\/hpwank.de\/wp-content\/uploads\/2020\/06\/gelenkmodul.jpg 1284w\" sizes=\"(max-width: 636px) 100vw, 636px\" \/><\/figure><\/li><li class=\"blocks-gallery-item\"><figure><img loading=\"lazy\" width=\"692\" height=\"1024\" src=\"http:\/\/hpwank.de\/wp-content\/uploads\/2020\/06\/bissiges-element-692x1024.jpg\" alt=\"\" data-id=\"360\" data-full-url=\"http:\/\/hpwank.de\/wp-content\/uploads\/2020\/06\/bissiges-element.jpg\" data-link=\"http:\/\/hpwank.de\/?attachment_id=360\" class=\"wp-image-360\" srcset=\"https:\/\/hpwank.de\/wp-content\/uploads\/2020\/06\/bissiges-element-692x1024.jpg 692w, https:\/\/hpwank.de\/wp-content\/uploads\/2020\/06\/bissiges-element-203x300.jpg 203w, https:\/\/hpwank.de\/wp-content\/uploads\/2020\/06\/bissiges-element-768x1136.jpg 768w, https:\/\/hpwank.de\/wp-content\/uploads\/2020\/06\/bissiges-element-1038x1536.jpg 1038w, https:\/\/hpwank.de\/wp-content\/uploads\/2020\/06\/bissiges-element.jpg 1233w\" sizes=\"(max-width: 692px) 100vw, 692px\" \/><\/figure><\/li><\/ul><figcaption class=\"blocks-gallery-caption\"><strong>Gelenkmodul<\/strong> &#8211; Acryl auf Leinwand &#8211; 100x60cm             <strong>Bissiges Element<\/strong> &#8211; Acryl, Asphalt auf Karton<\/figcaption><\/figure>\n","protected":false},"excerpt":{"rendered":"<p>Ferramentum &#8211; ist der Titel einer Ausstellungskonzeption, deren Inhalt die Darstellung und Betrachtung der \u00e4sthetischen Erscheinungsbilder vielfach gebrauchter und abgenutzter, mechanischer, metallener Werkzeuge und Instrumente ist. Die Bildlichkeit der dar-gestellten Objekte wird vornehmlich von ihren durch multiplexen Gebrauch entstandenen Strukturen und Oberfl\u00e4chentexturen bestimmt. Kratzer und Ritzungen, Korrosionen und Rostfra\u00df, Schleifspuren und stumpf gescheuerte Polituren in &hellip; <\/p>\n<p class=\"link-more\"><a href=\"https:\/\/hpwank.de\/?page_id=299\" class=\"more-link\"><span class=\"screen-reader-text\">\u201eFERRAMENTUM\u201c<\/span> weiterlesen<\/a><\/p>\n","protected":false},"author":1,"featured_media":0,"parent":0,"menu_order":0,"comment_status":"closed","ping_status":"closed","template":"","meta":[],"_links":{"self":[{"href":"https:\/\/hpwank.de\/index.php?rest_route=\/wp\/v2\/pages\/299"}],"collection":[{"href":"https:\/\/hpwank.de\/index.php?rest_route=\/wp\/v2\/pages"}],"about":[{"href":"https:\/\/hpwank.de\/index.php?rest_route=\/wp\/v2\/types\/page"}],"author":[{"embeddable":true,"href":"https:\/\/hpwank.de\/index.php?rest_route=\/wp\/v2\/users\/1"}],"replies":[{"embeddable":true,"href":"https:\/\/hpwank.de\/index.php?rest_route=%2Fwp%2Fv2%2Fcomments&post=299"}],"version-history":[{"count":7,"href":"https:\/\/hpwank.de\/index.php?rest_route=\/wp\/v2\/pages\/299\/revisions"}],"predecessor-version":[{"id":361,"href":"https:\/\/hpwank.de\/index.php?rest_route=\/wp\/v2\/pages\/299\/revisions\/361"}],"wp:attachment":[{"href":"https:\/\/hpwank.de\/index.php?rest_route=%2Fwp%2Fv2%2Fmedia&parent=299"}],"curies":[{"name":"wp","href":"https:\/\/api.w.org\/{rel}","templated":true}]}}